 factors of (2 + -18)*-2 - p?
31
List the prime factors of (249/9 - -5)/((-5)/(-525)).
2, 5, 7
Suppose -7*z + 1688 = 5*n - 3*z, 0 = -3*n + 5*z + 1035. List the prime factors of n.
2, 5, 17
Suppose 32*v - 45236 - 8396 = 0. List the prime factors of v.
2, 419
Suppose 5*i = 2*b - 2764, 0 = -8*b + 5*b - 2*i + 4184. What are the prime factors of b?
2, 3, 29
What are the prime factors of 0 + 490/18 + 6/(-27)?
3
Let p = -61 + 122. Suppose -2*w - p = -o - 0, -4*w = 4*o - 304. List the prime factors of o.
71
Let s(b) = b**2 - 5*b + 8. Let o be s(4). Suppose 0 = -o*n - 5 + 1, -2*m = n - 201. List the prime factors of m.
101
Suppose -20*p + 1213 + 3847 = 0. List the prime factors of p.
11, 23
Let w be 2/4 + 3/6. Let j be (w + (-1)/(-2))*2. Suppose -j*v + 10 = -101. What are the prime factors of v?
37
Let f(g) = -g**3 - g**2 + 5. Let p be f(0). Suppose -4*a + 5*r + 165 = a, 0 = -2*a + p*r + 54. List the prime factors of a.
37
Let c(u) = 29*u + 43. List the prime factors of c(6).
7, 31
Let m(t) = t**3 - 17*t**2 + 4. Let g be m(17). Let k(o) = 4*o - 14. List the prime factors of k(g).
2
Let d = 841 + 166. What are the prime factors of d?
19, 53
Suppose -3*s + 4584 = -5*i, -4*s + 1077 = -3*i - 5046. What are the prime factors of s?
3, 7, 73
What are the prime factors of 19901/11 - (6 + 832/(-143))?
3, 67
Suppose -2*w = 8, 4*w + 1015 = 3*x + 213. What are the prime factors of x?
2, 131
Suppose -2*f - 137 = -2*b - 7*f, 308 = 5*b + f. Suppose 3*w + 4*c - 232 = -w, 0 = w - 2*c - b. Let q = 90 - w. List the prime factors of q.
31
Let h(t) = -t**2 + 8*t + 6. Let c be h(8). Suppose c = -2*y - y, -y = -d + 220. List the prime factors of d.
2, 109
What are the prime factors of 16/32*166*(0 + 1)?
83
Let z = 29 + -25. Suppose -z*w - 43 = -3*n, 3*n + w = -n + 32. List the prime factors of n.
3
Let p(t) = -t**2 + 3*t. Let q be p(0). Suppose -4*y + q*y + 264 = 3*k, -432 = -5*k - 4*y. What are the prime factors of k?
2, 3, 7
Let j(m) = m**2 + 34*m - 76. What are the prime factors of j(17)?
7, 113
Let d(o) = o**2 + 19*o - 21. List the prime factors of d(-21).
3, 7
Suppose 778 = 3*j - 4*l - 2753, 4*l = -12. List the prime factors of j.
3, 17, 23
Suppose -6996 = 281*b - 284*b. List the prime factors of b.
2, 11, 53
Suppose -5*t - 11 = -5*s + 14, 4*t = 0. Suppose -s*n + 2*d = -0*n + 46, 0 = -4*n + 3*d - 34. Let g = n + 12. What are the prime factors of g?
2
Let x be (2 - 7) + (-1350)/(-6). Suppose a - x = -u + 27, -5*a + 1233 = 3*u. List the prime factors of a.
2, 3, 41
Let k(p) = p**2 + 4*p + 13. List the prime factors of k(-9).
2, 29
What are the prime factors of (-12926)/(-11) + (-12 - -2)/110?
5, 47
Let a = -498 + 496. Let i = 11 - 7. List the prime factors of (-74)/i*a*1.
37
Let q = -173 + 222. List the prime factors of q.
7
Suppose 0 = -5*x + 4*y - 0*y + 20, -2*x - 25 = 5*y. Suppose -149 = -x*k - k. What are the prime factors of k?
149
Suppose 42*l - 50*l = -1576. What are the prime factors of l?
197
What are the prime factors of ((-164)/8)/(5/(-7 + -23))?
3, 41
Let x(i) = 2*i + 12. Let n be x(4). Suppose 2*f = 5*g - 85, 2*g + 3*f = f + n. Suppose 18*c - 93 = g*c. List the prime factors of c.
31
What are the prime factors of (25 + -2)/((-3)/(8 + -434))?
2, 23, 71
Let l = -4849 - -6872. What are the prime factors of l?
7, 17
Let q(t) = 17*t**2 + 7*t + 24. What are the prime factors of q(-5)?
2, 3, 23
Suppose 0 = 32*p + 29029 - 122117. List the prime factors of p.
2909
Suppose -12*s + 865 + 4991 = 0. What are the prime factors of s?
2, 61
Suppose -5*n - 180 = -x, n = -3*n - 8. Suppose -j = 3*q - 78 - 7, -2*j + x = -4*q. What are the prime factors of j?
5, 17
Suppose -104 = q - 0*b - b, -b = q + 102. Let u = q + 177. List the prime factors of u.
2, 37
Let y(i) = -48*i - 289. What are the prime factors of y(-11)?
239
List the prime factors of (-12 + 8)/((-12)/4314).
2, 719
Let u = -641 - -1969. List the prime factors of u.
2, 83
Let b(a) = -2*a**3 - 2*a**2 - 4*a - 2. Let r be b(-3). Let o = -36 + 9. Let q = r + o. List the prime factors of q.
19
Let c = 41 + 3027. What are the prime factors of c?
2, 13, 59
Let d = 69 - 65. What are the prime factors of d?
2
Suppose 13 = 3*l + 2*l + 4*w, w + 8 = l. Let v = -1 - -5. Suppose -v*u + 2*n + 87 = n, -4*u = -l*n - 99. List the prime factors of u.
3, 7
Let h(i) = 87*i**2 - 4*i. List the prime factors of h(2).
2, 5, 17
Let l be 50/(-10)*6/10. Let c = l - -9. Suppose 0*u = c*u - 384. What are the prime factors of u?
2
Let j(r) = -4*r - 38. Let t be j(-11). Suppose -70 = -t*v + 746. List the prime factors of v.
2, 17
Let j(m) = -7*m - 10. Let c be j(-2). Suppose 103 = c*t - 153. List the prime factors of t.
2
Let q(x) = -x - 30 - 3*x + 37. Suppose 0 - 15 = 5*p. List the prime factors of q(p).
19
Let t(g) = g**2 + 5. Let y be t(0). Let l = y + -1. Suppose -j - 3 = l*h - 9*h, 0 = -4*j - 4*h + 60. What are the prime factors of j?
2, 3
Suppose 4*w - w - 1122 = 0. Suppose -5*d = a - w, d - a = 95 - 25. What are the prime factors of d?
2, 37
Let o = -765 - -401. What are the prime factors of o/(-6) + (-1)/(-3)?
61
Let f(y) = -2*y**3 + 4*y**2 - 34*y - 7. List the prime factors of f(-6).
773
Let b(t) be the first derivative of t**2/2 + 4*t + 4. Let g be b(0). Suppose -g*c = -5*w - 157, -175 = -4*c - 4*w + 3*w. What are the prime factors of c?
43
Let o = 2206 - 673. What are the prime factors of o?
3, 7, 73
Let m(v) be the second derivative of -v**5/10 - v**3/3 - 3*v**2 + 7*v. Let k be m(-3). Suppose -6*j + 4*j = -k. What are the prime factors of j?
3
Let l = -92 - -188. List the prime factors of ((-31)/4)/((-6)/l).
2, 31
Let n = 122 + 495. What are the prime factors of n?
617
Suppose -45 = -12*u + 9*u. Suppose 0*q + 5*q = u. Let f(h) = -h**3 + 5*h**2 - h - 2. What are the prime factors of f(q)?
13
Suppose 5*f + 8 + 7 = 0, -3*k = -2*f - 501. Suppose 0*i + 262 = 5*s - 4*i, -k = -3*s + 5*i. List the prime factors of s.
2, 5
Let j(z) = -6*z + 304. List the prime factors of j(-49).
2, 13, 23
Let h = -13 - -16. Suppose 4*o = h*o. Suppose -v - 5 = 5*r + 1, o = 5*v - 5*r - 90. What are the prime factors of v?
2, 7
Suppose -14*v + 19*v = 1240. Let l = 419 - v. What are the prime factors of l?
3, 19
Let l(x) = 7*x + 8. Let b be l(-2). List the prime factors of (-358)/b - ((-26)/6 - -4).
2, 3, 5
Let m(v) = -34*v - 17. Suppose -82 = 8*d - 2. What are the prime factors of m(d)?
17, 19
Let s = 497 + -14. List the prime factors of s.
3, 7, 23
Let w(a) = a**3 + 17*a**2 - 2*a - 29. Let k be w(-17). Suppose -237 = -k*m + 183. List the prime factors of m.
2, 3, 7
Suppose -3*y = -67 - 2. Suppose l + 3*q - 189 = -3*l, 5*l + q - 239 = 0. Let r = l - y. List the prime factors of r.
5
Suppose 460 = 3*p + p. Let b = 257 - p. List the prime factors of b.
2, 71
Suppose 0 = 8*a - 9*a - 5. Let c = a - -50. List the prime factors of c.
3, 5
Let r(t) = 24*t**2 + 3*t. Let u be r(-2). Let p = u + -10. What are the prime factors of p?
2, 5
Suppose 1068 + 484 = 4*k. What are the prime factors of k?
2, 97
Let w = -6 - -9. Suppose -11 = -2*c + w*g, -5*g = 4*c - 2*c + 29. What are the prime factors of (-2 + -3)/(c/6)?
3, 5
Suppose -2*v + 4*s = s - 2008, -v - 3*s = -1004. What are the prime factors of v?
2, 251
Let g(a) = -5*a**3 + a. Let y be g(-1). Suppose -y*h + 2*n = -28, n + 24 = 3*h + h. Suppose 0*m = h*m - 25. List the prime factors of m.
5
Suppose 102*x + 58604 = 116*x. What are the prime factors of x?
2, 7, 13, 23
Let f be 3/(3/(-89)) + 4. What are the prime factors of (f/(-20))/((-13)/(-12) + -1)?
3, 17
Suppose -2*f + 4190 = -2*o, f + 0*o = -2*o + 2101. What are the prime factors of f?
3, 233
Let m = 5 - 3. Suppose -16 = -m*u - 2*u. Suppose -61 = -u*c + 39. What are the prime factors of c?
5
Suppose 3*g = g + 354. What are the prime factors of g?
3, 59
Suppose 3*a + 938 = 5*a. Suppose -2*r + 6*r + 835 = 5*z, -3*z + a = 4*r. List the prime factors of z.
163
Suppose w - 2*p = p + 3, -4*w + 4*p + 12 = 0. List the prime factors of w.
3
Let w(c) be the second derivative of -4/3*c**4 + 0 + 1/20*c**5 + 10*c**2 - 5*c + 19/6*c**3. List the prime factors of w(15).
2, 5
Let c(a) = -44*a + 41. Suppose 3*h + 3 = -12. What are the prime factors of c(h)?
3, 29
Let a be ((-5)/(-2))/(2/4). Suppose a*k + 600 = 5*g, 2*g + 0*k = -3*k + 215. What are the prime factors of g?
5, 23
Suppose 